{"id":65,"date":"2013-10-01T14:59:54","date_gmt":"2013-10-01T12:59:54","guid":{"rendered":"http:\/\/www.stolarstwo-kulis.pl\/?page_id=65"},"modified":"2022-04-03T22:56:43","modified_gmt":"2022-04-03T20:56:43","slug":"strona-glowna","status":"publish","type":"page","link":"https:\/\/www.stolarstwo-kulis.pl\/","title":{"rendered":"Strona G\u0142\u00f3wna"},"content":{"rendered":"<p style=\"text-align: center;\"><strong>STOLARSTWO GABRIEL KULI\u015a<\/strong><\/p>\n<p style=\"text-align: center;\"><strong>TWORZYMY MEBLE NA MIAR\u0118 DLA TWOJEGO DOMU<\/strong><\/p>\n<p><strong>Dzi\u0119ki 30-letniemu do\u015bwiadczeniu<\/strong> na rynku meblarskim mo\u017cemy zaoferowa\u0107 Pa\u0144stwu <strong>najwy\u017cszej jako\u015bci meble \u2013 kuchnie na wymiar,&nbsp;<\/strong>meble \u0142azienkowe, biurowe, a tak\u017ce szafy na wymiar, garderoby oraz wszelkiego rodzaju zabudowy.<\/p>\n<p>Jeste\u015bmy w stanie zagwarantowa\u0107 realizacj\u0119 w kr\u00f3tkim czasie, przy jednoczesnym&nbsp;<strong>profesjonalnym oraz indywidualnym podej\u015bciu do ka\u017cdego zlecenia<\/strong>.&nbsp;Zawsze s\u0142u\u017cymy dobr\u0105 rad\u0105, ch\u0119tnie rozwi\u0105\u017cemy ka\u017cdy problem.<\/p>\n<p>Prowadzimy firm\u0119 w Radziechowicach Pierwszych ul.Wsp\u00f3lna 125 gm. \u0141adzice 97-561 (ko\u0142o Radomska) gdzie mie\u015bci si\u0119 siedziba oraz zak\u0142ad stolarski.<\/p>\n<p style=\"text-align: left;\">Nasze wyroby mo\u017cecie Pa\u0144stwo zobaczy\u0107 na targach w:<\/p>\n<ul>\n<li>&nbsp; Cz\u0119stochowie (Niedziela)<\/li>\n<li>&nbsp; K\u0142obucku (\u015aroda, Sobota)<\/li>\n<\/ul>\n<p>Zapraszamy na nasz\u0105 stron\u0119 na Facebooku gdzie mo\u017cna r\u00f3wnie\u017c zobaczy\u0107 nasze ostatnie realizacje.<\/p>\n<h3 style=\"text-align: center;\">Dla Nas zawsze najwa\u017cniejszy jest klient.<\/h3>\n<p><script type=\"text\/javascript\">\/\/ <![CDATA[\n(function(i,s,o,g,r,a,m){i['GoogleAnalyticsObject']=r;i[r]=i[r]||function(){   (i[r].q=i[r].q||[]).push(arguments)},i[r].l=1*new Date();a=s.createElement(o),   m=s.getElementsByTagName(o)[0];a.async=1;a.src=g;m.parentNode.insertBefore(a,m)   })(window,document,'script','\/\/www.google-analytics.com\/analytics.js','ga');   ga('create', 'UA-34813669-2', 'stolarstwo-kulis.pl');   ga('send', 'pageview');<br \/>\n\/\/ ]]><\/script><\/p>\n","protected":false},"excerpt":{"rendered":"<p>STOLARSTWO GABRIEL KULI\u015a TWORZYMY MEBLE NA MIAR\u0118 DLA TWOJEGO DOMU Dzi\u0119ki 30-letniemu do\u015bwiadczeniu na rynku meblarskim mo\u017cemy zaoferowa\u0107 Pa\u0144stwu najwy\u017cszej jako\u015bci meble \u2013 kuchnie na wymiar,&nbsp;meble \u0142azienkowe, biurowe, a tak\u017ce szafy na wymiar, garderoby oraz wszelkiego rodzaju zabudowy. Jeste\u015bmy w stanie zagwarantowa\u0107 realizacj\u0119 w kr\u00f3tkim czasie, przy jednoczesnym&nbsp;profesjonalnym oraz indywidualnym podej\u015bciu do ka\u017cdego zlecenia.&nbsp;Zawsze s\u0142u\u017cymy [&hellip;]<\/p>\n","protected":false},"author":1,"featured_media":0,"parent":0,"menu_order":0,"comment_status":"closed","ping_status":"closed","template":"","meta":{"ngg_post_thumbnail":0},"aioseo_notices":[],"_links":{"self":[{"href":"https:\/\/www.stolarstwo-kulis.pl\/index.php?rest_route=\/wp\/v2\/pages\/65"}],"collection":[{"href":"https:\/\/www.stolarstwo-kulis.pl\/index.php?rest_route=\/wp\/v2\/pages"}],"about":[{"href":"https:\/\/www.stolarstwo-kulis.pl\/index.php?rest_route=\/wp\/v2\/types\/page"}],"author":[{"embeddable":true,"href":"https:\/\/www.stolarstwo-kulis.pl\/index.php?rest_route=\/wp\/v2\/users\/1"}],"replies":[{"embeddable":true,"href":"https:\/\/www.stolarstwo-kulis.pl\/index.php?rest_route=%2Fwp%2Fv2%2Fcomments&post=65"}],"version-history":[{"count":19,"href":"https:\/\/www.stolarstwo-kulis.pl\/index.php?rest_route=\/wp\/v2\/pages\/65\/revisions"}],"predecessor-version":[{"id":1517,"href":"https:\/\/www.stolarstwo-kulis.pl\/index.php?rest_route=\/wp\/v2\/pages\/65\/revisions\/1517"}],"wp:attachment":[{"href":"https:\/\/www.stolarstwo-kulis.pl\/index.php?rest_route=%2Fwp%2Fv2%2Fmedia&parent=65"}],"curies":[{"name":"wp","href":"https:\/\/api.w.org\/{rel}","templated":true}]}}